-7)*(-4)/(-14). What is the units digit of (-4)/(-8)*(168 - u) - 4?
9
Let r = -4994 - -7434. What is the thousands digit of r?
2
Let t(u) = -71*u - 3. Let l(m) = -35*m - 1. Let a(h) = -9*l(h) + 4*t(h). What is the tens digit of a(6)?
8
Suppose -x - 26 = -23, 0 = 5*v - x - 4403. What is the tens digit of v?
8
Suppose 7 = -5*z - 3. Let t(s) = -s**3 + 4*s**2 + 5*s + 2. Let c be t(5). What is the units digit of 5/((z/c)/(-1))?
5
Let v(u) = -9*u**3 + 4*u**2 + 55*u + 332. What is the hundreds digit of v(-6)?
0
Let p = -21 + 22. Suppose h - 29 = -p. Suppose f - h = -f. What is the tens digit of f?
1
Suppose 284 = -32*v + 28*v. Let a = v - -238. What is the units digit of a?
7
Let i(p) = 89*p - 282. What is the tens digit of i(9)?
1
Let p(h) = 10*h**2 + 27*h - 201. What is the thousands digit of p(19)?
3
Let o(w) = -w**3 - 15*w**2 - 14*w + 2. Let v be o(-14). Suppose v*c + c = 3. What is the units digit of (c/(-3))/((-4)/12)?
1
Let u(w) = -w**2 + 5*w - 2. Let j be u(3). Suppose -2*i + 5*m + 148 = 0, 0*i - 4*i - j*m + 240 = 0. What is the units digit of i*1*9/12?
8
Let b = 55 + -52. Suppose b*v = -4*z + 683, -192 = 4*z - 5*z - 5*v. What is the hundreds digit of z?
1
What is the units digit of 478 - 12/(-3 - -9)?
6
Suppose -5*v + 4811 = 3*x, -v + 1396 - 6219 = -3*x. What is the tens digit of x?
0
Let n(b) = b**3 - 9*b**2 - 10*b + 1. Let h be n(10). Let s be 1/(20/16 - h). Suppose 0 = -2*v - 2*m + s, -3*m + 1 + 0 = 2*v. What is the units digit of v?
5
Suppose 2*d + 36 = 5*d. What is the units digit of 45/1*d/30?
8
Let o be ((-12)/(-8))/(-1 + (-47)/(-44)). Suppose o*z - 18*z = 968. What is the tens digit of z?
4
Let f(d) = -2*d**2 - 7*d - 2. Suppose -22 = 4*k - 2*y - 0*y, 0 = -5*k + 2*y - 29. Let p be f(k). What is the units digit of (p/(-15) + -3)*95?
8
Let i = 244 + -169. Suppose 31 = -2*w + 3*d, -i = 5*w - 8*d + 3*d. Let z = w + 50. What is the tens digit of z?
3
Let q be -4*3/(-12) + -4. What is the tens digit of (q - (-3 + -4)) + 31?
3
Let j(i) be the third derivative of i**5/4 + i**4/6 + 4*i**3/3 - 5*i**2. Let o be j(-5). Suppose 67 - o = -4*w. What is the tens digit of w?
7
Suppose -6438 = -4*g + 4*r - 518, 5*r - 2946 = -2*g. What is the tens digit of g?
7
Suppose -4*t = -5*o + 13, 8*t = 3*t - 2*o + 25. Let f be (0/2 - 1) + t. Suppose -f*w - w = -45. What is the units digit of w?
5
Let d(h) = 14*h + 107. What is the hundreds digit of d(27)?
4
Let m(n) be the second derivative of -n**5/120 + 7*n**4/12 + 2*n**3/3 - 7*n. Let v(s) be the second derivative of m(s). What is the units digit of v(7)?
7
Let p = 3317 - 1763. What is the hundreds digit of p?
5
Suppose -l = 3*l + 5*f - 224, 4*l - 236 = -2*f. Let k = 78 + -46. Let o = l - k. What is the units digit of o?
9
Let p = 350 + 69. What is the hundreds digit of p?
4
Let b be (-7)/2*(-3 + 1). Let p = 363 + -341. Suppose 0 = 5*t - b*t + p. What is the units digit of t?
1
Let s(g) = -g**2 + 4*g - 14. Let f(d) = -2*d + 7. Let b(v) = -7*f(v) - 4*s(v). What is the tens digit of b(4)?
6
Suppose -5*x + 7*x - 410 = -4*r, -3*r + 311 = 5*x. Suppose 0 = -3*v + 2*k - 178, -5*v = k + 2*k + 322. Let c = r + v. What is the tens digit of c?
4
Let r(i) = -2107*i**3 - i**2 + 4*i + 4. Let o be r(-1). Suppose -3*m + o = 6*m. What is the tens digit of m?
3
Suppose -4*a = 4*u - 112, -u + 4*a - 141 = -6*u. Suppose 5*g + 21 = -u. What is the units digit of 16/(-10)*25/g?
4
Let d(b) = b**2 + 13*b + 13. Let a be d(-12). What is the tens digit of (-85)/(-1) + (a - 2)*4?
8
Let s = -83 - -84. Suppose -73 = -5*h + i, s + 3 = 2*i. What is the units digit of h?
5
What is the thousands digit of 28808/10 + 49/245?
2
What is the units digit of 15/(-2)*((4 - 23) + 9)?
5
Suppose -5*d + 19 + 16 = -3*y, -3*d + 17 = -y. Suppose -12 - 36 = -d*k. Suppose -2*z + 58 - k = 0. What is the tens digit of z?
2
Let g be -1 - (-3)/(3/(-89)). Let h be 34/9 + (-20)/g. Suppose -2*l + h = 2. What is the units digit of l?
1
Suppose 28*p + y = 29*p - 1130, 5*p + 4*y = 5641. What is the hundreds digit of p?
1
Let a = -456 + 689. What is the hundreds digit of a?
2
Suppose 19*g = 11620 + 6601. What is the hundreds digit of g?
9
Suppose -218 = -35*d + 34*d. What is the tens digit of d?
1
Let r be ((3 - 5)*-41)/(-2). Let v = r + 130. What is the units digit of v?
9
Let o(m) = -m + m + 2*m**2 + 2*m - 4. Let k = 32 - 35. What is the units digit of o(k)?
8
Let k = 16 + 544. What is the units digit of k?
0
Let q = 14 + -12. Suppose l - 213 = -q*l. What is the units digit of l?
1
Let y be (-6)/21 - (-144)/14. Suppose 17*z = 9*z + 192. Let r = z - y. What is the units digit of r?
4
Suppose -3*t + 42 = -0*t. Suppose -2*q + 3*q + 4*c = -t, -2*q + c + 17 = 0. What is the units digit of 263/q + (-1)/(-6)?
4
Suppose m - 106 + 28 = 5*n, -n = -2*m + 165. What is the tens digit of m?
8
What is the units digit of (4/(-14))/(3/13314*-2)?
4
Let x be 377/87 - (-1)/(-3). Let p(v) be the first derivative of 4*v**3/3 - 3*v**2 + 8*v - 2. What is the units digit of p(x)?
8
Let d(u) = 14*u**2 + 2*u - 19*u**2 + 3 - 1. Let z be d(2). What is the units digit of z/(-4)*(2 - 0)?
7
Suppose 2*l - 1548 = -3*t, -3*l + 1307 = 4*t - 1015. What is the hundreds digit of l?
7
What is the tens digit of (-6)/27 + (-18488)/(-9)?
5
Suppose -7*n - 20 = -5*n. Let f(a) = -a**2 - 16*a + 13. Let d be f(n). Suppose 100 = 5*r - 5*s, -21 + d = 2*r + 4*s. What is the units digit of r?
2
Let w(u) = 7*u**3 - 2*u**2 + 4*u + 1. Let t(j) = -j**3 + j**2. Let o(q) = -5*t(q) - w(q). What is the tens digit of o(-3)?
3
Let j = -700 - -1375. What is the units digit of j?
5
Suppose 2*r - 17 = 23. Let h be (-4)/(-20) - (-4796)/r. What is the units digit of (0 + -6)*h/(-36)?
0
Let n = 35 + -13. Let w = -20 + n. Suppose -t = 5*k - 74, -k = t - 5*t + w. What is the tens digit of k?
1
Let j be (-10)/(-35) + 4/(-14). Suppose j = 6*a - 501 - 483. What is the units digit of a?
4
Let p(b) = -4*b**2 - 9*b - 3. Let x(z) = -3*z**2 - 10*z - 4. Let k(c) = 2*p(c) - 3*x(c). Suppose 42 = -2*d - d. What is the units digit of k(d)?
4
Suppose 0 = -14*x + 13*x + 240. Suppose -5*c = -2*c - x. What is the units digit of c?
0
Suppose 4*m = -4*b + 2448, -5*m = -3*b + 1486 + 350. What is the hundreds digit of b?
6
What is the hundreds digit of 17*((-10)/(-2) + 2)?
1
Let a(p) = p**3 - 6*p**2 - 2*p. Let g be a(5). Let o = -50 - g. Let z = -14 - o. What is the units digit of z?
1
Suppose 4*p = 9*z - 4*z + 26, 2 = 2*p + 3*z. Suppose d + 3 = 0, 4*i = 3*d - p*d + 165. Let m = 5 + i. What is the units digit of m?
7
Let f = 20 + -15. Let c = 9 - f. Suppose -3*p + 13 = c*r - 100, 2*r - 62 = 4*p. What is the units digit of r?
9
Let h = -1 + 7. Suppose 3*a + h = 24. What is the tens digit of 53/3 + (-4)/a?
1
Let c = 5805 + -3099. What is the hundreds digit of c?
7
Suppose 14 = 5*b - 11. Suppose -b*p = 10, 3*p + 12 = 5*y - 3*y. What is the units digit of (-4)/(y + (-22)/6)?
6
Let z be (1 - -17)*(-18)/12. Let q = 17 + z. What is the tens digit of (18/(-15))/(q/275)?
3
Let t(v) = 30*v + 1. Let c(y) = -29*y - 2. Let j(g) = -2*c(g) - 3*t(g). What is the tens digit of j(-2)?
6
Let i(y) be the first derivative of 31*y**2/2 - 10*y - 32. What is the tens digit of i(1)?
2
Let b be ((-18)/15)/(3/(-160)). What is the units digit of b - 0*(-3)/9?
4
Suppose -b - 66 = -4*b. Suppose 3*u = v - 19, 0*u - 4*v - b = 2*u. Let z = 2 - u. What is the units digit of z?
9
Let b(z) = 2*z + 8. Let w be b(7). Let x = 18 - w. What is the tens digit of 4 + 69*(-4)/x?
7
Let n be (0 - -3 - (-207)/6)*-4. Let g = n - -270. What is the hundreds digit of g?
1
Let u(q) = 2*q**2 + 2*q + 175. What is the thousands digit of u(38)?
3
Suppose 5*k - 809 = 3*n, -k + 0*n + 2*n = -166. What is the tens digit of k?
6
Let f = -536 - -1145. What is the tens digit of f?
0
Let b(x) = -2*x**3 + 95*x**2 - 21*x - 136. What is the units digit of b(47)?
6
Let k(v) = v**2 + 2. Let u be k(0). Suppose -x - 90 = -4*a, 5*a - u - 112 = 2*x. Suppose 3*b - 5*b + 2*m = -a, -4*b = -3*m - 45. What is the units digit of b?
2
Suppose 5*a = -i + 6 + 10, 4 = -2*i + 2*a. What is the units digit of 2*(i*-2 - 318/(-12))?
9
Let k(r) = -r**2 - 24*r - 45. Let i be k(-22). What is the tens digit of i*(-3 + 2)*66?
6
Suppose 6*u = 7*u. Suppose 0 = -u*p + p. Suppose -80 = -p*r - 5*r. What is the units digit of r?
6
Let i = -4 - -1. Let 